e v(1). Calculate the highest common divisor of s and 60.
10
Suppose 0*l - 2*l = 4*t - 48, 4 = l. Suppose 5*i = 4*b + 826, -i + 0*b + 166 = -b. Suppose -5*g = -412 + i. Calculate the highest common factor of g and t.
10
Let m be (3 - -549) + 1 + (0 - -5). What is the greatest common factor of m and 62?
62
Let x = 63 + -37. Suppose 5*u = 4*u - x. Let o = u - -55. Calculate the greatest common divisor of o and 232.
29
Suppose -4*n - n = 3*v + 6537, -3*n - 3925 = -v. Let u be n/(-48) - 6/(-8). Suppose d + 4*d - 210 = 0. Calculate the highest common divisor of u and d.
14
Suppose 5*q - 25 = u - 35, 0 = 5*u + 2*q - 23. Calculate the greatest common divisor of 25 and u.
5
Suppose -109 = -f - 4*r, -5*r - 85 = -4*f + 309. Let w = -56 + f. What is the greatest common divisor of 30 and w?
15
Suppose 0*y - 2 = -y. Suppose -4*u - 5*z + 22 = 0, -y*u + z = -0*z - 18. Suppose t - u + 6 = 0. Calculate the greatest common factor of t and 2.
2
Let j be (-21)/(-35) - (-26)/(-10). Let h be (2/(-4))/(j/28). Calculate the greatest common divisor of h and 56.
7
Let q = -389 + 265. Let v be q/(-155) + (-31)/(-5). Let l be 3/(6/49)*2. Calculate the highest common factor of l and v.
7
Let z be -21*((-5160)/(-42))/(-10). Calculate the greatest common divisor of 6 and z.
6
Let s = -14 + 20. Let t be 280/(-42)*s/(-4). Calculate the greatest common factor of 10 and t.
10
Let y(l) = 21*l**2 + 12*l. Let k be y(1). What is the highest common factor of k and 22?
11
Suppose 9*y - 6*y = 75. Suppose 0 = 2*c - 4. Suppose -c*x + 79 = -71. What is the greatest common factor of y and x?
25
Suppose 36*p = 95*p - 4661. Calculate the greatest common divisor of p and 1975.
79
Suppose 0 = 18*h - 33*h + 5265. What is the greatest common factor of 78 and h?
39
Suppose 3*d - g = d + 79, 205 = 5*d - 4*g. What is the greatest common factor of d and 703?
37
Let y(f) = -3*f**2 - 34*f + 50. Let n be y(-10). What is the greatest common divisor of n and 320?
10
Suppose 5*d - 208 = 517. What is the greatest common divisor of d and 5?
5
Suppose 38*g = 92 + 98. Calculate the greatest common divisor of 40 and g.
5
Let y(s) = 22*s + 1668. Let k be y(0). Calculate the highest common divisor of k and 12.
12
Let t = -17 + 39. Let c(k) = -k - 6. Let g be c(12). Let p(j) = -j**3 - 17*j**2 + 18*j + 2. Let z be p(g). What is the greatest common factor of z and t?
2
Suppose -2*u - 1774 = -4*l - 0*u, 3*l + u - 1323 = 0. Calculate the highest common factor of l and 34.
34
Let n(k) = k**2 - k - 26. Let b be n(6). What is the highest common divisor of b and 8?
4
Let f = -77 - -117. Let i(g) = -g**3 - 3*g**2 + 17*g - 53. Let d be i(-7). Calculate the highest common divisor of d and f.
8
Let y(i) = -2*i + 0*i + 2 + 1. Let d be y(-9). Let z(n) = n + 2. Let q be z(5). What is the greatest common factor of d and q?
7
Suppose 0 = 72*p - 75*p + 435. What is the greatest common divisor of p and 5?
5
Let f = 344 + -328. Calculate the highest common divisor of f and 48.
16
Let t(r) = -r**2 - 11*r - 9. Let q be t(-7). Suppose 0 = 19*z - 9*z - 950. Calculate the highest common factor of q and z.
19
Suppose -4*j = 2*r + 23 - 43, -2*j - 40 = -4*r. Suppose -1 = 5*d + 14. Let l be d/(-6)*-15*-12. What is the highest common factor of l and r?
10
Suppose -4*y = -2*v + 298, 2*v - y + 5*y - 266 = 0. What is the greatest common factor of 94 and v?
47
Let y(r) = -r**3 - 7*r**2 + 6*r + 9. Let d be y(-8). Let h = d - 30. Let a be h*1/2*-4. What is the greatest common divisor of 90 and a?
10
Let p(i) = -i**2 - 9*i - 4. Let j be p(-8). Suppose -69 = j*h - 213. Let s(n) = n**2 + 7*n + 6. Let v be s(-9). Calculate the highest common factor of v and h.
12
Suppose 6*p = 2*p + 4, 2*s + 3*p - 1 = 0. Let q be s + ((-9)/3 - -1) + 72. Calculate the highest common divisor of 46 and q.
23
Suppose 17*r = 5*r + 360. Calculate the greatest common factor of 170 and r.
10
Suppose 0 = -5*g - 2*c - 14 + 51, -5*g + 40 = 5*c. Suppose -g*y + 179 - 4 = 0. What is the greatest common factor of y and 5?
5
Let s(x) = 9*x - 5. Let u be s(2). Let a = 2 + u. What is the greatest common divisor of a and 15?
15
Let o(b) = -57*b - 3. Suppose 2*f + 4 = 2*d, 4*d = 2*d - 2. Let s be o(f). Let u = 288 - s. What is the greatest common divisor of 15 and u?
15
Let r(l) = l + 2. Let n be r(6). Suppose -b + 53 = n. Suppose 0 = 2*w - 5*w + b. What is the highest common factor of 120 and w?
15
Let l(a) = -a**3 + 6*a**2 + 18*a + 15. Let u be l(6). What is the greatest common divisor of u and 533?
41
Let u be 15352/247 - (-8)/(-52). Calculate the highest common factor of u and 4.
2
Suppose -3*u = -7*u + 160. Let d = u - 28. Calculate the highest common factor of d and 12.
12
Let p = -1187 - -1228. Calculate the greatest common factor of p and 369.
41
Suppose 4*b - 29 = -13. Suppose 4*m - 104 + b = 0. What is the highest common factor of 125 and m?
25
Suppose 6*d + 7*b = 3*b + 1154, 191 = d + b. Suppose -s = 4*f + s - 154, s = -4*f + 155. What is the highest common factor of d and f?
39
Let k be ((-17)/34)/(4/(-1056)). What is the greatest common factor of 77 and k?
11
Suppose -96 = -0*f - 4*f - 4*o, 0 = -3*f + 2*o + 72. Suppose 0 = -5*y + 6 + 9. Let t be (4/8)/(y/360). Calculate the highest common factor of f and t.
12
Suppose -4*h = -2*g + 60, -3*g - 2*g - 2*h = -90. Suppose -2*x + 6*x = -g. Let u = x - -11. Calculate the greatest common factor of 48 and u.
6
Let z = 12 - 6. Let b be -1 - (-4)/(-2) - 3706/17. Let t = -155 - b. What is the highest common factor of t and z?
6
Let z(k) = k**3 - 8*k**2 - 11*k - 7. Let h be z(9). Let o = 41 + h. Suppose -q = 3*s - o + 4, -3*q = -9. Calculate the highest common divisor of 21 and s.
3
Let t = 591 - 565. Calculate the greatest common divisor of 2106 and t.
26
Suppose 11*w - 4913 = 9123. Calculate the greatest common factor of 44 and w.
44
Let i be (-4)/(-10) - (-5 - (-636)/(-10)). Let a = 81 - i. What is the greatest common factor of 96 and a?
12
Let v(k) = -k**2 + 17*k + 4. Suppose 0 = 2*u + w - 30, 4*w - 3 + 11 = 0. Let q be v(u). Suppose i - 3*i = -q. What is the greatest common divisor of i and 80?
10
Suppose 650 = -m + 6*m. Suppose 146 = 4*c - 62. What is the highest common factor of m and c?
26
Let z be (1 - 51)/(((-114)/(-123))/(-19)). Calculate the highest common factor of z and 41.
41
Let u(y) = y**2 + 10*y + 12. Let t be u(-9). Suppose 5*g - 15 = 3*d + 2*d, -4*g + 2*d = -8. Calculate the highest common divisor of g and t.
1
Let s(w) = -w**2 - 26*w + 23. Let y be s(-20). Let j = -99 + y. Calculate the greatest common divisor of j and 4.
4
Let z = 16 - 9. Let t(u) = -u**2 + 3*u + 1. Let v be t(2). Suppose 0*m + v*q = -m + 16, 3*q + 12 = 0. What is the highest common factor of z and m?
7
Let b be (-8)/(-3)*(3 - 0). Let s(k) = k + 5 - 5 - 2*k. Let i be s(-2). What is the greatest common factor of i and b?
2
Let u(q) = -17*q - 1. Let w be u(-1). Let p be ((-200)/w)/(1/(-2)). Calculate the highest common divisor of 10 and p.
5
Suppose -z + 51 = 5*y - 61, 4*y = -2*z + 86. Suppose j + 7 = y. Calculate the greatest common factor of 4 and j.
4
Suppose 226 - 1 = 20*v - 275. Let f(s) = s**3 - 4*s**2 + s - 3. Let t be f(6). Calculate the highest common divisor of v and t.
25
Suppose -171 = -473*k + 464*k. Let p be (-2)/1 - -1*2. Suppose n - 2*x = -2*n + 238, 3*x + 15 = p. What is the greatest common divisor of k and n?
19
Let a(q) = q**2 - q + 5. Let b be a(0). Let l = b - -35. Suppose 3 - 23 = -2*p. What is the greatest common divisor of p and l?
10
Let u be -5 + -4*(-269)/4. Let r = u + -129. Calculate the highest common divisor of r and 15.
15
Let h(w) = 19*w**2 - 3*w + 1. Let b be h(2). Suppose 2*c = 39 + b. What is the highest common divisor of c and 11?
11
Let c be (-7)/((-14)/16) + 1. Let z(y) = 5*y - 6. Let r be z(c). Suppose 2*g - r - 3 = 0. Calculate the highest common factor of 14 and g.
7
Suppose -5*q - z + 290 = 0, 11*q - 89 = 9*q + 5*z. Calculate the greatest common divisor of q and 456.
57
Let s(c) = -6*c + 44. Let o(z) = 2*z + 1. Let l(u) = o(u) + s(u). Let w be l(-8). Calculate the greatest common divisor of w and 7.
7
Let t(n) = -108*n. Let v be t(-1). Let j(x) = 7*x + 405. Let z be j(-54). Calculate the greatest common factor of z and v.
27
Let i = -64 - -695. Let l = i + -444. Calculate the greatest common factor of l 